ber?
True
Is 36043183 a composite number?
True
Is 10895713 prime?
False
Is 3473317 prime?
True
Is 49126099 composite?
True
Is 188057517 prime?
False
Is 100159981 a prime number?
False
Is 127761353 a prime number?
True
Is 7585261 a composite number?
False
Is 6304643 composite?
True
Is 2977301 composite?
True
Is 12711401 a composite number?
False
Is 269441477 a composite number?
False
Is 36622 prime?
False
Is 93030583 a prime number?
True
Is 254414 composite?
True
Is 3456139 a composite number?
False
Is 3420785 prime?
False
Is 667631 composite?
False
Is 4109943 a composite number?
True
Is 29091217 a composite number?
True
Is 1947133 prime?
False
Is 367357 a prime number?
True
Is 458677 a prime number?
False
Is 543365149 prime?
False
Is 997541 prime?
True
Is 98741453 prime?
True
Is 134996923 a composite number?
True
Is 1212153 a prime number?
False
Is 8339399 prime?
True
Is 1303009 a composite number?
False
Is 36463837 a composite number?
False
Is 27405337 a prime number?
False
Is 2987707 prime?
True
Is 5310493 composite?
True
Is 1337475739 prime?
True
Is 948247 a composite number?
False
Is 6076919 a prime number?
True
Is 38749691 a prime number?
True
Is 2864597 composite?
True
Is 4854841 composite?
False
Is 12300857 a prime number?
True
Is 69646159 a composite number?
True
Is 1389511 a prime number?
True
Is 58183243 a composite number?
False
Is 22016743 a prime number?
False
Is 175707341 prime?
True
Is 11772083 a composite number?
True
Is 34384049 prime?
False
Is 1401325243 composite?
False
Is 776618309 prime?
True
Is 4472789 prime?
True
Is 5855221 a prime number?
False
Is 382015819 a prime number?
False
Is 749389 composite?
True
Is 115772749 a prime number?
True
Is 14389798 prime?
False
Is 1774555 prime?
False
Is 1089190619 a prime number?
False
Is 1521133 prime?
True
Is 38867611 prime?
False
Is 842041 a composite number?
False
Is 79068487 prime?
True
Is 66881567 a composite number?
False
Is 69205819 a composite number?
False
Is 145809773 composite?
False
Is 6905513 a composite number?
False
Is 1698472505 a prime number?
False
Is 24160781 a composite number?
False
Is 737197 a composite number?
True
Is 833979 a composite number?
True
Is 905647 a prime number?
True
Is 23590321 prime?
True
Is 20170453 a composite number?
True
Is 26569195 a composite number?
True
Is 2513801 a composite number?
False
Is 148129097 a prime number?
False
Is 2147141 prime?
False
Is 14881117 composite?
False
Is 13553977 prime?
False
Is 26860063 a composite number?
False
Is 336175753 prime?
True
Is 6594109 a prime number?
True
Is 1771717 prime?
True
Is 127891 prime?
False
Is 3880241 composite?
False
Is 1703861 prime?
False
Is 34151489 composite?
False
Is 11534213 composite?
False
Is 371217257 composite?
False
Is 8080901 a composite number?
False
Is 24175121 composite?
False
Is 181402687 prime?
True
Is 527789 prime?
True
Is 32925367 composite?
False
Is 9182969 prime?
False
Is 202549 prime?
True
Is 4159877 a prime number?
False
Is 1198949 a prime number?
True
Is 88885733 a composite number?
True
Is 1928477 prime?
False
Is 10716529 composite?
False
Is 6054329 prime?
False
Is 73672361 a prime number?
False
Is 29638987 prime?
False
Is 3057577 composite?
False
Is 9908765 a prime number?
False
Is 22202242 composite?
True
Is 149056127 a composite number?
True
Is 3092737 a composite number?
True
Is 19839341 prime?
True
Is 2773501 prime?
False
Is 456943 composite?
True
Is 32615641 a composite number?
True
Is 10888481 a composite number?
True
Is 440247383 a composite number?
False
Is 236496467 a prime number?
False
Is 121847717 a composite number?
True
Is 22883401 a prime number?
True
Is 9476951 a composite number?
True
Is 90316171 a prime number?
False
Is 1524931 a composite number?
False
Is 3099893 composite?
False
Is 85623697 composite?
False
Is 134581 composite?
False
Is 10543067 a prime number?
False
Is 524497 a prime number?
True
Is 486197 a composite number?
True
Is 3920359 a composite number?
False
Is 331661989 composite?
False
Is 2441683 a composite number?
False
Is 29216351 a composite number?
False
Is 27130723 a prime number?
False
Is 125878769 a prime number?
True
Is 160159 composite?
False
Is 12269111 a composite number?
True
Is 279671731 composite?
True
Is 3991517 a prime number?
True
Is 1033969 a prime number?
False
Is 1681787 a prime number?
True
Is 14379449 a composite number?
True
Is 19017433 composite?
True
Is 4722221 prime?
False
Is 186783715 prime?
False
Is 2981597 a prime number?
True
Is 7206454 a prime number?
False
Is 144323 prime?
True
Is 337753 composite?
True
Is 550061689 prime?
False
Is 86368603 composite?
False
Is 4012829 a composite number?
False
Is 4271191 prime?
False
Is 453935 a prime number?
False
Is 2484173 prime?
False
Is 1274291 prime?
True
Is 1502007779 a composite number?
True
Is 229412981 a prime number?
False
Is 43621381 a prime number?
False
Is 15397 composite?
True
Is 72371561 composite?
True
Is 16023037 composite?
False
Is 644995717 prime?
False
Is 131517077 a prime number?
False
Is 148926691 composite?
True
Is 10300954 prime?
False
Is 103852919 prime?
True
Is 197411603 composite?
False
Is 19848509 prime?
True
Is 2072437 prime?
True
Is 4924973 a composite number?
False
Is 2371037 composite?
True
Is 12067591 a prime number?
True
Is 1621537 a composite number?
False
Is 21713 a composite number?
False
Is 42191 prime?
False
Is 37652639 composite?
True
Is 4356743 a composite number?
True
Is 108847951 prime?
True
Is 45773111 a prime number?
True
Is 1215233 a composite number?
True
Is 4087367 a composite number?
True
Is 367393471 a composite number?
False
Is 916829 prime?
False
Is 1456157 prime?
True
Is 3471487 prime?
True
Is 139977934 a composite number?
True
Is 305434589 prime?
True
Is 18656971 composite?
False
Is 15005009 composite?
False
Is 5167387 composite?
True
Is 14740069 a prime number?
True
Is 9695509 composite?
True
Is 315371 prime?
False
Is 11175167 composite?
False
Is 203964479 a prime number?
True
Is 53169401 a prime number?
False
Is 138386669 a prime number?
True
Is 22807417 prime?
True
Is 2180203 prime?
False
Is 17593883 a composite number?
False
Is 9709877 a prime number?
False
Is 137078003 a composite number?
True
Is 3560299 a prime number?
True
Is 12772091 composite?
False
Is 822883 composite?
False
Is 79332259 a composite number?
False
Is 696465997 a prime number?
True
Is 32431429 prime?
False
Is 1514047 composite?
True
Is 22921799 a prime number?
True
Is 66118739 composite?
False
Is 132042409 prime?
True
Is 34271957 prime?
False
Is 2746409 prime?
True
Is 18655543 composite?
True
Is 9031279 a composite number?
False
Is 163510723 prime?
True
Is 34542661 composite?
True
Is 27631759 composite?
False
Is 854874113 composite?
False
Is 5834749 composite?
True
Is 392545 composite?
True
Is 2491519 a composite number?
False
Is 25037819 prime?
True
Is 6247583 prime?
True
Is 655859 composite?
False
Is 14537407 prime?
True
Is 9376603 a prime number?
False
Is 1637 a prime number?
True
Is 50512271 composite?
False
Is 6094111 composite?
False
Is 42360749 prime?
False
Is 4379971 prime?
True
Is 51538079 composite?
True
Is 990881 prime?
True
Is 53001197 composite?
False
Is 3040061 composite?
False
Is 118981495 prime?
False
Is 151481397 a composite number?
True
Is 11945653 a prime number?
True
Is 769606735 composite?
True
Is 63141373 composite?
False
Is 1798283 a composite number?
True
Is 133989437 prime?
True
Is 489598943 composite?
False
Is 18812333 a composite number?
False
Is 494647 a prime number?
True
Is 6141367 prime?
False
Is 15575219 composite?
True
Is 1247921 a prime number?
False
Is 55275107 a prime number?
False
Is 34499489 composite?
False
Is 37500739 prime?
True
Is 3144257 prime?
True
Is 3489229 a composite number?
True
Is 50631519 prime?
False
Is 155705003 a composite number?
True
Is 2404113 a prime number?
False
Is 115638827 a composite number?
False
Is 4529699 a composite number?
False
Is 165425041 prime?
True
Is 58561193 prime?
True
Is 17082079 prime?
False
Is 11480507 prime?
True
Is 33261803 a prime number?
True
Is 26272993 prime?
True
Is 457318289 a prime number?
True
Is 8474045 composite?
True
Is 55117681 a composite number?
True
Is 37128659 a prime number?
False
Is 886690523 a prime number?
True
Is 3306131 prime?
True
I